)?
6
Let f be (1 - (-8)/(-2))/(18/(-60)). Suppose u - 2*c = f, 2*u - 53 = -2*u - 5*c. Suppose -u*y = -14*y + 248. What is the hundreds digit of y?
1
Suppose -13*f + 0 = -0. Suppose f = -5*u + 4*r + 562, -2*r - 211 = -2*u - 5*r. What is the hundreds digit of u?
1
Suppose -6*h + 4*p = -4*h - 129038, 322550 = 5*h - p. What is the ten thousands digit of h?
6
Let q(t) = 19*t**2 + 5*t + 5. Let j be q(-4). Suppose -4*p + j = -191. Suppose 60 = 6*b - p. What is the units digit of b?
0
Let z be (-11)/4 - -3 - 43/(-4). Suppose -3*s - 5*g = z, -s = -3*s - 4*g - 10. What is the units digit of (990/75)/(s/20)?
8
Suppose -18*p + 10 = -23*p. Let y be (-3)/(-3) - (p + 4 + -1). Suppose y*d = 2*d - 6. What is the units digit of d?
3
Suppose -213*u + 199*u = -501522. What is the hundreds digit of u?
8
What is the hundreds digit of (-2026)/((2/10*-3)/(402/335))?
0
Let l(m) be the third derivative of m**6/120 + 2*m**5/15 - m**4/12 - 17*m**3/6 - 70*m**2. What is the tens digit of l(6)?
7
Let z(n) = n**3 - 13*n**2 + 13*n + 26. Let d be z(11). Let b = d + 75. Suppose s + 105 = b*s - 2*k, 2*s = 2*k + 202. What is the tens digit of s?
9
Let d(u) = u**2 - 2*u - 13. Let q(o) = 105*o**2 - 3*o + 3. Let j be q(1). Let l = j - 95. What is the tens digit of d(l)?
6
Suppose 0 = -26*i + 39*i - 21840. Suppose -32*l = -42*l + i. What is the hundreds digit of l?
1
Let w = -37 + 40. Suppose -4*b - 623 = 5*h - 0*h, -b = w*h + 378. Let g = -12 - h. What is the hundreds digit of g?
1
Suppose -w + 15*h - 14*h = -30348, -14 = 2*h. What is the hundreds digit of w?
3
Let m(q) = 6*q**3 + 3*q**2 + q + 31. Let l be m(9). Suppose -19*x = -19534 + l. What is the hundreds digit of x?
7
Let q be (-5 - -1)/(-18 + 19). Let i(y) = -351*y - 114. What is the tens digit of i(q)?
9
Suppose -3*d - 285 = 3*z + 426, 5*d - 703 = 3*z. Let i = z + 513. What is the tens digit of i?
7
Suppose 99 = -4*z - p, 0 = -5*z + 4*p - 432 + 324. Suppose -2*f + 1000 = y + y, 0 = -4*y + 3*f + 1972. What is the units digit of 3/(-2)*y/z?
1
What is the units digit of -5*((-162)/(-15))/(11/(-803))?
2
Suppose 0 = -298*j + 295*j + 11961. What is the thousands digit of j?
3
Suppose -2*f = 4*m - 44476, -m = 47*f - 51*f + 88907. What is the units digit of f?
8
Let c(i) = -4*i**3 - 2*i**2 - 7*i - 12. Let d be c(-2). Suppose 10*w + 4576 = d*w. What is the hundreds digit of w?
2
Let h = -2309 - -6088. What is the tens digit of h?
7
Let n = -361 - -621. Let q(d) = 123*d**2 + 24*d + 23. Let b be q(-1). Suppose 4*u - n = -4*w, w + 4*u = -w + b. What is the tens digit of w?
6
Suppose 13*j - 14 + 1 = 0. What is the tens digit of (2 + 425)*1 - j?
2
Suppose -z + 24 - 20 = 0. Suppose 5*c = -3*s + 339, -z*s + 481 = -3*c - 0*c. What is the hundreds digit of s?
1
Let q(a) = -12*a - 46. Suppose 14*u - 68 = -3*u. Suppose -2*b = -u*y - 12, 7 = -5*y - b - 15. What is the units digit of q(y)?
2
What is the tens digit of ((-2)/((-2)/(-25171)))/((10 - -9) + -20)?
7
Let s(t) = 6*t**2 - t + 15. Let g(x) = 8*x**2 + 16. Let p(i) = -2*g(i) + 3*s(i). What is the tens digit of p(10)?
8
Let o = -48 + 68. Suppose -202*i = -225*i + 161. Suppose 5*n = i*n - o. What is the tens digit of n?
1
Suppose -6 + 14 = 4*u - 5*l, -4*l = 0. Suppose 1134 = 9*m - u*m. What is the units digit of m?
2
Suppose 0 = 2*l + 5*j + 6 - 34, 16 = 4*j. Suppose l*w - 3*v - 654 = 0, 0*w - w + 167 = v. What is the units digit of w?
5
Let j be (-10*1/(-8))/((-1)/(-4)). Suppose -j*c = -4*c - 2. Suppose c*y + 2*l = 156, 0*y - 2*y = -2*l - 152. What is the tens digit of y?
7
Let h be ((-7837)/(-17))/(15/(-18) + 1). Suppose 3*m = 2*q + h, 3*m = 4*q - 1174 + 3940. What is the units digit of m?
2
Let k(z) be the second derivative of -z**4/12 + 9*z**3/2 - 20*z**2 + 8*z. Let q be (38/(-8))/((-2)/8). What is the units digit of k(q)?
2
Let q = 639 + -376. Let b(m) = -4*m - 3 - 5*m**3 - 265*m**2 - 2*m**3 + q*m**2. What is the tens digit of b(-2)?
5
Suppose -56*w = -38*w + 13878. Let t = w + 1436. What is the units digit of t?
5
Suppose -5*g - 99231 = -16*g. Suppose -36*r = -87 - g. What is the units digit of r?
3
Suppose -20 - 15 = -7*j. Suppose 3*u = -9, -u + 4*u + 309 = j*o. What is the units digit of o?
0
Suppose -3*c - 5*p + 29406 = 0, 69*p = -4*c + 65*p + 39200. What is the units digit of c?
7
Suppose -4*c = 15*w - 155003, -5*c - 17*w + 18*w + 193813 = 0. What is the ten thousands digit of c?
3
What is the units digit of (-7155)/25*35/(-21)?
7
Suppose 4*s - 1332424 = -147*s. What is the tens digit of s?
2
What is the thousands digit of (-4)/6*394818/(-23)?
1
Let r(x) = -x**3 + 19*x**2 - 36*x + 26. Let q be r(15). Let p = 723 - q. What is the units digit of p?
7
Suppose 6*l - 818 = -3680. Let t = 335 - l. What is the tens digit of t?
1
Let o(d) = -628*d + 8130. What is the units digit of o(-37)?
6
Let g = 59652 - 35674. What is the tens digit of g?
7
Suppose 41472 = 2*m - 8304. Suppose -35*q + m = -q. What is the hundreds digit of q?
7
Let w be (7 + -6)/(2/(-30)). What is the units digit of w/(75/20) + (0 - -470)?
6
Let h(c) = -4*c - 19. Let t be h(-4). Let f be (t - -28) + 0 - 3. Suppose -19*w = -f*w + 144. What is the units digit of w?
8
Suppose 6*l = 3974 + 3364. Suppose 373 = 2*p - l. What is the tens digit of p?
9
Suppose 1141293 + 1542395 = 136*j. What is the hundreds digit of j?
7
Let n = -94 - -94. Suppose -3*f + r + 37 = -200, 3*f - 2*r - 237 = n. Suppose -2*m + f = -3*i - 189, -3*m + 4*i = -400. What is the hundreds digit of m?
1
Suppose -206*s + 134*s + 448200 = 0. What is the hundreds digit of s?
2
Suppose 27*f = 20*f. What is the tens digit of (f - -157) + 1 + 104/(-26)?
5
Suppose -5*a + 79485 = 5*d, 26468 = 2*a + 3*d - 5320. What is the thousands digit of a?
5
Let a(v) = 1502*v**2 - 15*v - 10. What is the tens digit of a(-2)?
2
What is the thousands digit of (-144)/42*1079463/(-44)?
4
Let p(a) = 2*a**2 - 4*a - 6. Let u(v) be the third derivative of -v**4/24 - 5*v**3/6 - v**2. Let q be u(-10). What is the tens digit of p(q)?
2
Let g(i) = -3*i**2 + 16 + 4*i + 2*i**3 - 2*i**2 - 13 - 6*i. Let d be g(3). Suppose d*l - 3*l = 345. What is the units digit of l?
5
Suppose -790 = -l - 215. Let o = l + -9. Suppose -6*n + o + 214 = 0. What is the units digit of n?
0
Let d(z) be the third derivative of -z**4/8 + 5*z**3/2 + 13*z**2. Let t be d(-9). What is the units digit of (t - (-9)/(-3))*2?
8
Suppose -16*l + 171377 + 137263 = 0. Suppose -l = 77*d - 107*d. What is the tens digit of d?
4
Let d(a) = 129*a**3 + 10*a**2 + 12*a - 5. What is the units digit of d(4)?
9
Suppose -a - 3 = -z, 4*z - 9*a = -7*a + 22. Suppose 0 = -32*k + 30*k + z. Suppose -k*c + 256 = -368. What is the hundreds digit of c?
1
Suppose 7*o - 7579 - 78104 = 57985. What is the thousands digit of o?
0
Suppose -3*y - 2*n + 3*n + 43870 = 0, -5*n + 73070 = 5*y. What is the thousands digit of y?
4
Let d(j) = 3*j + 49 + 9*j + 9*j + 0*j. What is the tens digit of d(11)?
8
Let l = -691 + 590. Let x = l - -1448. What is the thousands digit of x?
1
Let l(u) = -20*u - 100. Let y be l(5). Let p = 727 + y. What is the hundreds digit of p?
5
Let p(h) = 46*h**3 + 3*h**2 - 5*h - 6. Let l be p(4). Let v = l + -1790. What is the units digit of v?
6
What is the hundreds digit of (-1 - (-2 - -1)) + (-66879)/(-27)?
4
Let j(h) = 6*h**2 + 35*h - 27. Let u be j(-15). Suppose -268*r - u = -271*r. What is the units digit of r?
6
Let r = -28 + 30. Suppose -r*z + 19 = -883. What is the tens digit of z?
5
Suppose -2 = -14*b + 16*b, f - 3*b = 25204. What is the hundreds digit of f?
2
Let i(m) = 18*m + 6. Let h be i(4). Suppose -2*w + 3*w - h = 0. Suppose w = s + 2*s. What is the units digit of s?
6
Let c(z) = -20*z + 1. Let j be c(1). Let b be (j/5 + 3)*-45. Suppose 35*y - b*y = -9. What is the units digit of y?
9
Suppose p = -2*x + 10112, 2*x = 6*p - p - 50524. What is the tens digit of p?
0
Let b(p) = 3*p**3 - 3*p**2 - 4*p - 11. Let u be b(-4). Let k = -18 - u. What is the units digit of k?
7
Let m = 893 + 183. Suppose 2*b - 714 = -2*n, -5*n + 2*n - 2*b + m = 0. What is the tens digit of n?
6
Let h be (-1662)/(-4) - (4 + 66/(-12)). Let i = -145 + h. What is the hundreds digit of i?
2
Let n be ((-57)/72 + 2/16)*-18. Suppose 0*z + n*z = 9912. What is the hundreds digit of z?
8
Let g be -79 + 8 + -10 + -3. What is the hundreds digit of (-92728)/g + (-16)/(